{"id":2062,"date":"2019-04-15T01:49:54","date_gmt":"2019-04-14T22:49:54","guid":{"rendered":"http:\/\/dokuteks.com\/index.php\/\/product\/import-placeholder-for-452\/"},"modified":"2019-04-18T19:08:28","modified_gmt":"2019-04-18T16:08:28","slug":"jandarma-trafik-yelegi-02","status":"publish","type":"product","link":"https:\/\/dokuteks.com\/index.php\/urun\/jandarma-trafik-yelegi-02\/","title":{"rendered":"Jandarma Trafik Yele\u011fi 02"},"content":{"rendered":"<p>Yelekler, Jandarma Genel Komutanl\u0131\u011f\u0131n\u0131n farkl\u0131 g\u00f6rev ve bran\u015f \u00f6zellikleri i\u00e7in kolay kullan\u0131m sa\u011flayacak bi\u00e7imde \u00e7e\u015fitli modellerde tasarlanm\u0131\u015flard\u0131r. \u00dcretimlerinde y\u00fcksek kaliteli reflekt\u00f6rler kullan\u0131lm\u0131\u015ft\u0131r.<\/p>\n","protected":false},"excerpt":{"rendered":"<p class=\"p1\">Yelekler, Jandarma Genel Komutanl\u0131\u011f\u0131n\u0131n farkl\u0131 g\u00f6rev ve bran\u015f \u00f6zellikleri i\u00e7in kolay kullan\u0131m sa\u011flayacak bi\u00e7imde \u00e7e\u015fitli modellerde tasarlanm\u0131\u015flard\u0131r. \u00dcretimlerinde y\u00fcksek kaliteli reflekt\u00f6rler kullan\u0131lm\u0131\u015ft\u0131r.<\/p>\n","protected":false},"featured_media":2182,"comment_status":"open","ping_status":"closed","template":"","meta":[],"_links":{"self":[{"href":"https:\/\/dokuteks.com\/index.php\/wp-json\/wp\/v2\/product\/2062"}],"collection":[{"href":"https:\/\/dokuteks.com\/index.php\/wp-json\/wp\/v2\/product"}],"about":[{"href":"https:\/\/dokuteks.com\/index.php\/wp-json\/wp\/v2\/types\/product"}],"replies":[{"embeddable":true,"href":"https:\/\/dokuteks.com\/index.php\/wp-json\/wp\/v2\/comments?post=2062"}],"wp:featuredmedia":[{"embeddable":true,"href":"https:\/\/dokuteks.com\/index.php\/wp-json\/wp\/v2\/media\/2182"}],"wp:attachment":[{"href":"https:\/\/dokuteks.com\/index.php\/wp-json\/wp\/v2\/media?parent=2062"}],"curies":[{"name":"wp","href":"https:\/\/api.w.org\/{rel}","templated":true}]}}